 the millions digit of 134757627?
4
What is the millions digit of 8028208?
8
What is the thousands digit of 335040363?
0
What is the hundred thousands digit of 373719092?
7
What is the thousands digit of 31164496?
4
What is the tens digit of 5475655?
5
What is the units digit of 233960536?
6
What is the hundred thousands digit of 7469129953?
1
What is the hundreds digit of 3595283929?
9
What is the tens digit of 658402?
0
What is the tens digit of 874583337?
3
What is the ten thousands digit of 255128519?
2
What is the units digit of 994778715?
5
What is the hundred thousands digit of 2189149344?
1
What is the units digit of 3100179171?
1
What is the thousands digit of 482094300?
4
What is the hundred thousands digit of 108780910?
7
What is the ten thousands digit of 134046442?
4
What is the billions digit of 1715163839?
1
What is the ten thousands digit of 77237268?
3
What is the millions digit of 6828836111?
8
What is the hundred thousands digit of 61568040?
5
What is the tens digit of 256834729?
2
What is the units digit of 1784071829?
9
What is the billions digit of 5204726832?
5
What is the ten thousands digit of 6113470?
1
What is the millions digit of 69684794?
9
What is the hundreds digit of 76995006?
0
What is the ten millions digit of 565993064?
6
What is the hundred thousands digit of 4828658899?
6
What is the units digit of 1016225538?
8
What is the hundred millions digit of 2412496727?
4
What is the ten millions digit of 661446732?
6
What is the ten thousands digit of 167363037?
6
What is the millions digit of 85580212?
5
What is the hundreds digit of 159403533?
5
What is the hundred millions digit of 2277174488?
2
What is the ten thousands digit of 668444591?
4
What is the tens digit of 1618535888?
8
What is the thousands digit of 194068828?
8
What is the units digit of 49492801?
1
What is the thousands digit of 73832053?
2
What is the tens digit of 79470748?
4
What is the tens digit of 904082560?
6
What is the units digit of 439405356?
6
What is the thousands digit of 3878830729?
0
What is the millions digit of 189409240?
9
What is the millions digit of 7429782062?
9
What is the ten thousands digit of 6227200384?
0
What is the hundred thousands digit of 129866089?
8
What is the ten thousands digit of 42340447?
4
What is the ten millions digit of 131320245?
3
What is the hundred thousands digit of 964626773?
6
What is the ten millions digit of 198959175?
9
What is the thousands digit of 58029812?
9
What is the ten thousands digit of 35420487?
2
What is the ten thousands digit of 118809715?
0
What is the millions digit of 113765108?
3
What is the ten millions digit of 8295114157?
9
What is the hundred millions digit of 157343057?
1
What is the ten millions digit of 6174710869?
7
What is the hundred millions digit of 576144183?
5
What is the ten millions digit of 338964057?
3
What is the ten thousands digit of 95880418?
8
What is the hundred thousands digit of 34115843?
1
What is the hundred thousands digit of 429012100?
0
What is the thousands digit of 1877023?
7
What is the units digit of 219135283?
3
What is the ten thousands digit of 7147661?
4
What is the units digit of 197180911?
1
What is the tens digit of 456063674?
7
What is the hundred thousands digit of 2547247001?
2
What is the hundred thousands digit of 203520275?
5
What is the tens digit of 125224281?
8
What is the units digit of 362999039?
9
What is the hundred thousands digit of 330842414?
8
What is the ten millions digit of 41590764?
4
What is the units digit of 35838280?
0
What is the tens digit of 359168030?
3
What is the millions digit of 104819768?
4
What is the ten millions digit of 928606490?
2
What is the ten thousands digit of 217688996?
8
What is the ten millions digit of 37105570?
3
What is the hundred millions digit of 1147062469?
1
What is the units digit of 36859344?
4
What is the thousands digit of 256568224?
8
What is the units digit of 70443012?
2
What is the billions digit of 1985765229?
1
What is the tens digit of 1086475095?
9
What is the ten thousands digit of 784502940?
0
What is the hundred millions digit of 1366235347?
3
What is the ten thousands digit of 264495141?
9
What is the thousands digit of 56669352?
9
What is the hundred thousands digit of 1680329973?
3
What is the tens digit of 285596509?
0
What is the thousands digit of 72734686?
4
What is the hundreds digit of 70869153?
1
What is the tens digit of 2313581050?
5
What is the units digit of 246467588?
8
What is the hundred thousands digit of 181078828?
0
What is the ten thousands digit of 940633813?
3
What is the hundreds digit of 6177761313?
3
What is the units digit of 1703050689?
9
What is the units digit of 319602740?
0
What is the units digit of 286738770?
0
What is the hundreds digit of 74481698?
6
What is the hundreds digit of 158967116?
1
What is the millions digit of 34989370?
4
What is the millions digit of 221894865?
1
What is the millions digit of 53137097?
3
What is the hundred millions digit of 949096054?
9
What is the millions digit of 94047031?
4
What is the hundred thousands digit of 41953236?
9
What is the hundreds digit of 472238417?
4
What is the ten thousands digit of 72430658?
3
What is the hundred thousands digit of 39570294?
5
What is the hundreds digit of 1134622161?
1
What is the hundreds digit of 52848097?
0
What is the thousands digit of 652296616?
6
What is the units digit of 880758895?
5
What is the thousands digit of 45138736?
8
What is the hundreds digit of 24241294?
2
What is the tens digit of 13639069?
6
What is the millions digit of 38899233?
8
What is the hundreds digit of 602891799?
7
What is the hundreds digit of 635616963?
9
What is the tens digit of 346750775?
7
What is the ten thousands digit of 478898?
7
What is the ten thousands digit of 56982153?
8
What is the hundreds digit of 94682968?
9
What is the hundreds digit of 1733999746?
7
What is the hundreds digit of 7683107244?
2
What is the hundreds digit of 5132126753?
7
What is the ten millions digit of 2097191335?
9
What is the ten thousands digit of 792958475?
5
What is the thousands digit of 3117125040?
5
What is the hundred millions digit of 1426181201?
4
What is the hundreds digit of 9095497712?
7
What is the tens digit of 28337214?
1
What is the hundred thousands digit of 660656182?
6
What is the hundred millions digit of 172552513?
1
What is the thousands digit of 348099045?
9
What is the tens digit of 88890357?
5
What is the hundred thousands digit of 12426290?
4
What is the hundred thousands digit of 28767161?
7
What is the tens digit of 8896251060?
6
What is the units digit of 107640629?
9
What is the hundreds digit of 1271786746?
7
What is the ten thousands digit of 5364334?
6
What is the hundred thousands digit of 1200231446?
2
What is the units digit of 1161918494?
4
What is the ten thousands digit of 30656776?
5
What is the units digit of 89925696?
6
What is the thousands digit of 14242533?
2
What is the millions digit of 175667870?
5
What is the units digit of 5004864059?
9
What is the units digit of 1054945088?
8
What is the ten millions digit of 119914142?
1
What is the hundred thousands digit of 88873545?
8
What is the hundred millions digit of 117946455?
1
What is the ten thousands digit of 26593111?
9
What is the ten thousands digit of 76105030?
0
What is the tens digit of 36985962?
6
What is the ten thousands digit of 78365559?
6
What is the ten millions digit of 43630894?
4
What is the ten thousands digit of 3650754340?
5
What is the billions digit of 4308804340?
4
What is the hundred millions digit of 991934743?
9
What is the hundred millions digit of 465178040?
4
What is the millions digit of 14016724?
4
What is the millions digit of 189057410?
9
What is the hundred thousands digit of 27344459?
3
What is the hundreds digit of 641178836?
8
What is the tens digit of 892013209?
0
What is the hundred thousands digit of 1771473697?
4
What is the thousands digit of 2400267214?
7
What is the hundred millions digit of 764170491?
7
What is the hundreds digit of 44143316?
3
What is the millions digit of 3294131063?
4
What is the millions digit of 34225040?
4
What is the hundreds digit of 95356458?
4
What is the tens digit of 345767235?
3
What is the units digit of 14785413